 + 17 = -199. What is the remainder when i is divided by 13?
10
Let r be (0 + -2)/(10/105). What is the remainder when 10 is divided by (-3 + r/(-6))*6?
1
Suppose 4*n - p = -5*p - 12, -25 = 5*p. Let g be 4/(-18) + 4/18. Calculate the remainder when 0 + 0 - (-4 - g) is divided by n.
0
Suppose 43 = b + t, -2*b = -3*t - 63 + 2. Suppose -4*m - 1 = -9. Suppose -30 = -m*v + 10. What is the remainder when b is divided by v?
18
Let h(u) = -5 - 2*u**3 - 8*u**2 - 3*u**3 + 6*u**3 + 2*u. Let b = -13 + 21. What is the remainder when 21 is divided by h(b)?
10
Suppose -4*u + 8*s - 3*s + 406 = 0, -u + 94 = -5*s. Calculate the remainder when u is divided by 36.
32
Calculate the remainder when 25 is divided by 2/((-4)/(-70)*5).
4
Let l(n) = -127*n**3 - n**2 + n + 1. Calculate the remainder when l(-1) is divided by 43.
40
Let u(h) = 2*h - 7. Let c be u(6). Let p = c + 11. Calculate the remainder when p is divided by 9.
7
Suppose 0 = g, 0 = n + n + g - 22. Suppose n = d + 5*h, 23 = 4*d - h - 0*h. What is the remainder when 16 is divided by d?
4
Let g(s) = 74*s. Let n be g(2). Suppose -3*l = l - n. What is the remainder when l is divided by 38/6*(-3)/(-1)?
18
Let u = -75 - -92. What is the remainder when 48 is divided by u?
14
Let y = 3 + -7. Let z be ((-16)/(-5))/y*-5. Suppose 2*x + 4 = 0, -z*x - 114 + 21 = -5*k. What is the remainder when 33 is divided by k?
16
Calculate the remainder when 23 is divided by 0 + -4 - (1 - 9).
3
Suppose 0 = -3*n + 85 + 104. Suppose -2*b = b - n. What is the remainder when b is divided by 8?
5
Let p = 74 - 59. Suppose -v + 3*s - 4*s = -10, -4*s + 4 = 0. What is the remainder when p is divided by v?
6
Suppose 3*c - 68 = 1. Calculate the remainder when c is divided by (-26)/(-4) - 27/(-18).
7
Suppose -4*a - 3*l + 20 = 0, 0*l + l = -4*a + 28. Let m = a - -9. Calculate the remainder when 49 is divided by m.
15
Calculate the remainder when 217 + (3 - (-10)/(-4))*-8 is divided by 43.
41
Suppose 4*g - 7 = 1. Suppose -f + 3 = -4*f. Let q = 1 - f. What is the remainder when g is divided by q?
0
Calculate the remainder when 2 is divided by (-11)/(-9) + 4/(-18).
0
Let z = 2 + 1. Calculate the remainder when z is divided by ((-6)/(-9))/(9/(54/4)).
0
Let y(c) = c**2 + 5*c + 6. Let w be y(-4). Suppose -w*t - 3*t - 180 = 0. Let k = t - -78. What is the remainder when k is divided by 22?
20
Suppose -4*d + 4*z = 32, -z - 80 = 5*d - 28. Let r(q) = q**2 + 7*q + 8. Calculate the remainder when r(d) is divided by 20.
18
Let c be (14/7)/((-2)/(-32)). Suppose 0*p = -2*p + c. What is the remainder when 47 is divided by p?
15
Suppose 2*y - 5*y = -60. Calculate the remainder when 37 is divided by y.
17
Suppose 4*b = -s + 35, 10 = 4*s - 2*b - 40. What is the remainder when (s/(-2))/(1/(-4)) is divided by (-110)/(-7) + 8/28?
14
Let c(i) = 2*i**2 + 3*i + 2. Let a be c(-2). Suppose -a*m + 55 = -53. Calculate the remainder when 79 is divided by m.
25
Let i = 22 + 1. Let b = i + -14. What is the remainder when b is divided by 3?
0
Let w = -2 + 5. Suppose -c - 2*c - 21 = -3*r, 5*c = -r - 23. Let f(g) = g**3 - g**2. What is the remainder when f(r) is divided by w?
1
Let k(s) = -s**3 - s**2 - s. Let q(m) = 5*m**3 + 13*m**2 + 13*m - 3. Let a(b) = -6*k(b) - q(b). What is the remainder when 19 is divided by a(8)?
8
Calculate the remainder when 127 is divided by -2 + (-2 - -1 - -35).
31
Let n(l) = -l + 10. Calculate the remainder when n(-4) is divided by 5.
4
Let j(a) = a**3 + 6*a**2 - a + 5. Let c = -11 - -13. What is the remainder when (315/30)/(1/c) is divided by j(-6)?
10
Let l(x) = x - 3. Let z(k) = k - 13. Let q be z(11). Let p(o) = 5*o**2 + 2*o + 1. Calculate the remainder when p(q) is divided by l(9).
5
Suppose 3*g - 24 - 3 = 0. Suppose 5*t + 2*b + 8 = 3*t, t - 12 = 3*b. What is the remainder when (-2)/(-1) - (-14 - t) is divided by g?
7
Let r(h) = -2*h**2 - h - 2*h + 2 + 3*h**2 + 3. Let j be r(5). Calculate the remainder when 29 is divided by (-12)/9*j/(-2).
9
Suppose -10*a + 15 = -7*a + 2*o, -5*o = 4*a - 20. Let l(i) = -9*i**3 - i. Let t be l(-1). Let z = t - 1. Calculate the remainder when z is divided by a.
4
What is the remainder when 16 is divided by 10 - (0 - 1 - -2)?
7
Suppose 0 = q - 2*k - 39, -q + 4*k + 0*k = -47. Let v be (2 - -17)/(1 + 0). Suppose 5*b = 61 + v. What is the remainder when q is divided by b?
15
Let b = 31 - 13. Calculate the remainder when 50 is divided by b.
14
Let y(h) = 2*h - 8. Suppose 32 - 2 = 5*n. Let u be y(n). Suppose 2*j - m - 33 = 2*m, 0 = -u*j + 5*m + 61. Calculate the remainder when 26 is divided by j.
8
Suppose 0 = 4*v - 3 + 19. Let d = 8 + v. Calculate the remainder when 10/d*(9 - -1) is divided by 9.
7
Suppose 3*l - 24 = l. Calculate the remainder when 28 is divided by (3 + l)*2/2.
13
Suppose 3*q + 24 - 36 = 0. What is the remainder when q is divided by 4?
0
Suppose 2*o + 4*z = 40, -6*z = o - 3*z - 25. Let j = 79 - 60. What is the remainder when j is divided by o?
9
Let s be (-6)/1*2/4. Let k = s + 12. Let p = k + 0. What is the remainder when p is divided by 5?
4
Suppose -8 = -f + 1. Calculate the remainder when f is divided by 6.
3
Suppose a = 4*t - 12, 0*a + 3*t - 20 = -2*a. Calculate the remainder when 25 is divided by 2/(-4)*(-104)/a.
12
Suppose -3*b + 7*b + 16 = 0, 4*r + 3*b - 56 = 0. What is the remainder when 48 is divided by r?
14
Suppose -266 = 11*b - 805. Calculate the remainder when b is divided by 11.
5
Let t(r) = 2*r**3 - 2*r**2 + 4*r - 5. Calculate the remainder when 31 is divided by t(2).
9
Suppose -3*t + 30 = -5*p - 41, -2*t + 2*p = -46. Suppose -2*r - 129 + 903 = 0. What is the remainder when r/(-6)*6/(-9) is divided by t?
21
Let c(h) = -h + 16*h**2 - 8*h**2 + 0*h**2 + 16*h**2. What is the remainder when c(-1) is divided by 7?
4
Let q(a) = -a**3 + 5*a**2 + 3*a - 5. Let i = -3 - -11. Calculate the remainder when q(4) is divided by i.
7
Suppose -5*d - 5*t = -55, -3*d + 0*d - 2*t + 33 = 0. What is the remainder when 21 is divided by d?
10
Let f be 0 - (2 - (4 + 0)). Suppose f*x + 32 - 186 = 0. Calculate the remainder when x is divided by 20.
17
Let u be (-3)/24 - (-17)/8. Suppose 3 = -u*o + 11. What is the remainder when 11 is divided by o?
3
Let o(b) be the third derivative of b**4/24 + b**3/2 - 3*b**2. What is the remainder when 19 is divided by o(8)?
8
Let f(n) = -n**3 - 6*n**2 - 7*n - 6. Let d be f(-5). Let v = 2 - d. Let y(z) = -z**3 - z**2 - 2*z. Calculate the remainder when 22 is divided by y(v).
6
Suppose 5*j = -505 + 2085. Let i = j - 175. Suppose -2*o + 95 = 3*k, 6*k - o = k + i. What is the remainder when k is divided by 10?
9
Let y = 13 + -9. Let n(f) = f**2. Let r be (1 - 0)/((-2)/6). What is the remainder when n(r) is divided by y?
1
Let q = -24 - -27. Let f = 7 + -3. What is the remainder when f is divided by q?
1
What is the remainder when 9 is divided by 0/(-1 + 2 + 1) + 5?
4
Let x(o) = -o**2 + 10*o - 12. What is the remainder when x(6) is divided by 7?
5
Let w(d) = -d**3 - 7*d**2 - 9*d - 1. Let j be w(-6). Let x = 8 - j. Let g = 19 + x. What is the remainder when g is divided by 6?
4
Suppose 0 = -c - 4*c - 3*h + 420, -h = 0. Let l = -19 + c. Calculate the remainder when l is divided by 17.
14
Suppose -4*u = -0*u - 3*f - 63, -2*f = -6. Suppose -3 = -5*a + 27. Calculate the remainder when (20/a)/((-4)/(-42)) is divided by u.
17
Suppose 0 = 5*g - 2*f - 54, -9*g = -5*g - 5*f - 33. What is the remainder when 70 is divided by g?
10
Let p(o) = -o**3 - 4*o**2 - o + 2. Let f(u) = 7*u. Let r(t) = 6*t. Let l(c) = 5*f(c) - 6*r(c). Calculate the remainder when p(-4) is divided by l(-2).
0
What is the remainder when 39 is divided by 0 + 1 - (-14 - -5)?
9
Let z(n) = 7*n**2 - 4*n + 1. Calculate the remainder when z(3) is divided by 6.
4
Suppose -8*h + 3*h = -25. Suppose -r = -h*r + 32. Calculate the remainder when 29 is divided by r.
5
Suppose -w + 6 = u - 0*w, 0 = -u + 4*w + 1. Suppose 4 = u*c - 6. What is the remainder when c is divided by 1?
0
Let w be (27/4)/(12/(-32)). What is the remainder when 3/6*-2*w is divided by 5?
3
Suppose 3*h = 2*k + 46, 3*k = -5*h + 72 + 11. What is the remainder when h is divided by 10?
6
Let f be 4/10 - (-1671)/(-15). Calculate the remainder when 4/5*145/2 is divided by (-3)/(f/(-60) + -2).
18
Let m(u) = -3*u**2 - 9*u + 6*u**2 - u + 2 - 2*u**2. Calculate the remainde